{"id":799,"date":"2023-05-16T10:25:59","date_gmt":"2023-05-16T08:25:59","guid":{"rendered":"https:\/\/blackazalea.hu\/?page_id=799"},"modified":"2024-02-29T10:52:57","modified_gmt":"2024-02-29T09:52:57","slug":"a-digitalis-naplozasrol","status":"publish","type":"page","link":"https:\/\/blackazalea.hu\/en\/a-digitalis-naplozasrol\/","title":{"rendered":"A legjobb mindk\u00e9t vil\u00e1gb\u00f3l"},"content":{"rendered":"<h1 class=\"wp-block-heading has-text-align-center\" style=\"margin-top:var(--wp--preset--spacing--80);margin-bottom:var(--wp--preset--spacing--80)\">A legjobb mindk\u00e9t vil\u00e1gb\u00f3l<\/h1>\n\n\n\n<p style=\"padding-top:0;padding-right:var(--wp--preset--spacing--50);padding-bottom:0;padding-left:var(--wp--preset--spacing--50)\"><strong>Egyre t\u00f6bben v\u00e1gynak olyan eszk\u00f6z\u00f6kre, megold\u00e1sokra, amelyek a mindennapokban rendet \u00e9s lelki b\u00e9k\u00e9t teremtenek.  Az \u00e9n v\u00e1laszom a digit\u00e1lis napl\u00f3z\u00e1sra \u00e9s a vintage eszt\u00e9tik\u00e1ra \u00e9p\u00fcl:  A digit\u00e1lis napl\u00f3z\u00e1s egy \u00e1lland\u00f3an el\u00e9rhet\u0151 teret biztos\u00edt c\u00e9ljaink, gondolataink \u00e9s feladataink r\u00f6gz\u00edt\u00e9s\u00e9re. A vintage st\u00edlus pedig nem csup\u00e1n eszt\u00e9tikus, de egyed\u00fcl\u00e1ll\u00f3 hangulatot is teremt, felid\u00e9zve a m\u00falt eml\u00e9keit \u00e9s inspir\u00e1ci\u00f3t ny\u00fajtva a jelenben. <\/strong><\/p>\n\n\n\n<p style=\"padding-top:0;padding-right:var(--wp--preset--spacing--50);padding-bottom:0;padding-left:var(--wp--preset--spacing--50)\">A digit\u00e1lis napl\u00f3z\u00e1s a hagyom\u00e1nyos jegyzetel\u00e9s modern megk\u00f6zel\u00edt\u00e9se, ahol <strong>PDF form\u00e1tum\u00fa napl\u00f3 \/ tervez\u0151f\u00e1jlok \u00e9s digit\u00e1lis eszk\u00f6z\u00f6k (ipad, tablet, stylus) seg\u00edts\u00e9g\u00e9vel r\u00f6gz\u00edtheted gondolataidat<\/strong>, c\u00e9ltudatosan tervezheted a feladataidat \u00e9s hat\u00e9konyabban szervezheted az \u00e9letedet. <strong>Nem kell agg\u00f3dnod a hib\u00e1k miatt, k\u00f6nnyed\u00e9n jav\u00edthatod \u0151ket. <\/strong>Ha arra van sz\u00fcks\u00e9ged, t\u00e1rolhatod napl\u00f3dat felh\u0151t\u00e1rhelyen, \u00edgy b\u00e1rmelyik eszk\u00f6z\u00f6dr\u0151l el\u00e9rheted. R\u00e1ad\u00e1sul nem kell \u00fajra \u00e9s \u00fajra megvenned a f\u00fczeteket, tollakat, matric\u00e1kat. Amit egyszer megvett\u00e9l, ak\u00e1rh\u00e1nyszor felhaszn\u00e1lhatod, <strong>k\u00fcl\u00f6n k\u00f6lts\u00e9g, vagy k\u00f6rnyezeti terhel\u00e9s n\u00e9lk\u00fcl<\/strong>. <br>J\u00f3l hangzik, ugye? <\/p>\n\n\n\n<figure class=\"wp-block-image aligncenter size-full has-custom-border\"><img decoding=\"async\" width=\"1000\" height=\"667\" data-src=\"https:\/\/blackazalea.hu\/wp-content\/uploads\/2023\/06\/tablet-602968SM.jpg\" alt=\"\" class=\"has-border-color has-palette-color-1-border-color wp-image-894 lazyload\" style=\"--smush-placeholder-width: 1000px; --smush-placeholder-aspect-ratio: 1000\/667;border-width:3px\" data-srcset=\"https:\/\/blackazalea.hu\/wp-content\/uploads\/2023\/06\/tablet-602968SM.jpg 1000w, https:\/\/blackazalea.hu\/wp-content\/uploads\/2023\/06\/tablet-602968SM-600x400.jpg 600w, https:\/\/blackazalea.hu\/wp-content\/uploads\/2023\/06\/tablet-602968SM-300x200.jpg 300w, https:\/\/blackazalea.hu\/wp-content\/uploads\/2023\/06\/tablet-602968SM-768x512.jpg 768w\" data-sizes=\"auto, (max-width: 1000px) 100vw, 1000px\" src=\"data:image\/svg+xml;base64,PHN2ZyB3aWR0aD0iMSIgaGVpZ2h0PSIxIiB4bWxucz0iaHR0cDovL3d3dy53My5vcmcvMjAwMC9zdmciPjwvc3ZnPg==\" \/><\/figure>\n\n\n\n<h1 class=\"wp-block-heading has-text-align-center\">Digit\u00e1lis napl\u00f3csomag, Neked!<\/h1>\n\n\n\n<p style=\"padding-right:var(--wp--preset--spacing--50);padding-left:var(--wp--preset--spacing--50)\">Hogy seg\u00edthessek Neked az els\u0151 l\u00e9p\u00e9sekben, <strong>\u00f6ssze\u00e1ll\u00edtottam egy ingyenes digit\u00e1lis napl\u00f3csomagot<\/strong>, amely tartalmaz egy gy\u00f6ny\u00f6r\u0171, r\u00e9gies hangulat\u00fa f\u00fczetet, n\u00e9h\u00e1ny jegyzetpap\u00edrt, \u00e9s sz\u00e1mos d\u00edsz\u00edt\u0151elemet. Ezzel a csomaggal felk\u00e9sz\u00fclten indulhatsz a digit\u00e1lis napl\u00f3z\u00e1s vil\u00e1g\u00e1ba, \u00e9s megtapasztalhatod, hogy milyen v\u00e1ltoz\u00e1st hozhat a mindennapjaidban.<\/p>\n\n\n\n<p style=\"padding-right:var(--wp--preset--spacing--50);padding-left:var(--wp--preset--spacing--50)\">A digit\u00e1lis napl\u00f3z\u00e1s \u00e9s a vintage st\u00edlus egy\u00fcttesen lehet\u0151v\u00e9 teszi, hogy a kreativit\u00e1sodat szabadon ki\u00e9lhesd. Haszn\u00e1lj sz\u00ednes ceruz\u00e1kat, d\u00edsz\u00edtsd napl\u00f3d lapjait, \u00e9s hozz l\u00e9tre egyedi oldalakat. Az \u00f6nkifejez\u00e9sed \u00faj szintj\u00e9re emelheted, amely \u00f6r\u00f6m\u00f6t \u00e9s el\u00e9gedetts\u00e9get hoz az \u00e9letedbe.<br>Vezethetsz szigor\u00fa \u00e9rtelemben vett bullet journalt, vagy ak\u00e1r koll\u00e1zs-szer\u0171 eml\u00e9knapl\u00f3t. Csak rajtad \u00e1ll, mit alkotsz, mit szeretn\u00e9l l\u00e9trehozni!<\/p>\n\n\n\n<p style=\"padding-right:var(--wp--preset--spacing--50);padding-left:var(--wp--preset--spacing--50)\">Ha szeretn\u00e9d let\u00f6lteni az ingyenes digit\u00e1lis napl\u00f3csomagunkat, csak<strong> iratkozz fel h\u00edrlevelemre<\/strong>, \u00e9s m\u00e1ris elk\u00fcld\u00f6m Neked. A h\u00edrlevelekben pedig id\u0151r\u0151l id\u0151re hasznos, inspir\u00e1l\u00f3 \u00f6tleteket, inform\u00e1ci\u00f3kat igyekszem majd megosztani Veled.<\/p>\n\n\n\n<div class=\"wp-block-stackable-columns stk-block-columns stk-block stk-4a7831d\" data-block-id=\"4a7831d\"><div class=\"stk-row stk-inner-blocks stk-block-content stk-content-align stk-4a7831d-column\">\n<div class=\"wp-block-stackable-column stk-block-column stk-column stk-block stk-c349090\" data-v=\"4\" data-block-id=\"c349090\"><style>.stk-c349090-container{max-width:400px !important;padding-top:32px !important;padding-right:0px !important;padding-bottom:0px !important;padding-left:0px !important;margin-right:auto !important;margin-left:auto !important}<\/style><div class=\"stk-column-wrapper stk-block-column__content stk-container stk-c349090-container stk--no-background stk--no-padding\"><div class=\"has-text-align-center stk-block-content stk-inner-blocks stk-c349090-inner-blocks\">\n<div class=\"wp-block-buttons is-layout-flex wp-block-buttons-is-layout-flex\">\n<div class=\"wp-block-button has-custom-width wp-block-button__width-100 has-custom-font-size subscibetosenderbutton is-style-fill\" style=\"font-size:clamp(14.642px, 0.915rem + ((1vw - 3.2px) * 0.575), 22px);\"><a class=\"wp-block-button__link has-palette-color-7-color has-palette-color-1-background-color has-text-color has-background wp-element-button\" style=\"border-style:none;border-width:0px;padding-top:var(--wp--preset--spacing--40);padding-right:0;padding-bottom:var(--wp--preset--spacing--40);padding-left:0\">K\u00e9rem a napl\u00f3csomagot<\/a><\/div>\n<\/div>\n<\/div><\/div><\/div>\n<\/div><\/div>\n\n\n\n<p style=\"padding-top:0;padding-right:var(--wp--preset--spacing--50);padding-bottom:0;padding-left:var(--wp--preset--spacing--50)\"><br>Hasznos inform\u00e1ci\u00f3kra lelhetsz m\u00e9g a <a rel=\"noreferrer noopener\" href=\"https:\/\/blackazalea.hu\/en\/category\/digitalisnaplzas\/\" data-type=\"URL\" data-id=\"https:\/\/blackazalea.hu\/category\/digitalisnaplzas\/\" target=\"_blank\">blogom<\/a><a href=\"https:\/\/blackazalea.hu\/en\/category\/digitalisnaplzas\/\" data-type=\"URL\" data-id=\"https:\/\/blackazalea.hu\/category\/digitalisnaplzas\/\">on<\/a>, illetve \u00e9rdemes lehet inspir\u00e1l\u00f3 k\u00e9pek\u00e9rt k\u00f6vetned <a rel=\"noreferrer noopener\" href=\"https:\/\/www.instagram.com\/blackazalea.hu\/\" data-type=\"URL\" data-id=\"https:\/\/www.instagram.com\/blackazalea.hu\/\" target=\"_blank\">Instagramon<\/a> is. <br>Biztos vagyok benne, hogy az \u00faj kreat\u00edv hobbid minden napodat jobb\u00e1 teszi majd!<\/p>","protected":false},"excerpt":{"rendered":"<p>A legjobb mindk\u00e9t vil\u00e1gb\u00f3l Egyre t\u00f6bben v\u00e1gynak olyan eszk\u00f6z\u00f6kre, megold\u00e1sokra, amelyek a mindennapokban rendet \u00e9s lelki b\u00e9k\u00e9t teremtenek. Az \u00e9n v\u00e1laszom a digit\u00e1lis napl\u00f3z\u00e1sra \u00e9s a vintage eszt\u00e9tik\u00e1ra \u00e9p\u00fcl: A digit\u00e1lis napl\u00f3z\u00e1s egy \u00e1lland\u00f3an el\u00e9rhet\u0151 teret biztos\u00edt c\u00e9ljaink, gondolataink \u00e9s feladataink r\u00f6gz\u00edt\u00e9s\u00e9re. A vintage st\u00edlus pedig nem csup\u00e1n eszt\u00e9tikus, de egyed\u00fcl\u00e1ll\u00f3 hangulatot is teremt, felid\u00e9zve [&hellip;]<\/p>\n","protected":false},"author":1,"featured_media":0,"parent":0,"menu_order":13,"comment_status":"closed","ping_status":"closed","template":"","meta":{"footnotes":""},"class_list":["post-799","page","type-page","status-publish","hentry"],"blocksy_meta":[],"_links":{"self":[{"href":"https:\/\/blackazalea.hu\/en\/wp-json\/wp\/v2\/pages\/799","targetHints":{"allow":["GET"]}}],"collection":[{"href":"https:\/\/blackazalea.hu\/en\/wp-json\/wp\/v2\/pages"}],"about":[{"href":"https:\/\/blackazalea.hu\/en\/wp-json\/wp\/v2\/types\/page"}],"author":[{"embeddable":true,"href":"https:\/\/blackazalea.hu\/en\/wp-json\/wp\/v2\/users\/1"}],"replies":[{"embeddable":true,"href":"https:\/\/blackazalea.hu\/en\/wp-json\/wp\/v2\/comments?post=799"}],"version-history":[{"count":0,"href":"https:\/\/blackazalea.hu\/en\/wp-json\/wp\/v2\/pages\/799\/revisions"}],"wp:attachment":[{"href":"https:\/\/blackazalea.hu\/en\/wp-json\/wp\/v2\/media?parent=799"}],"curies":[{"name":"wp","href":"https:\/\/api.w.org\/{rel}","templated":true}]}}

A legjobb mindkét világból

<h1 class="wp-block-heading has-text-align-center" style="margin-top:var(--wp--preset--spacing--80);margin-bottom:var(--wp--preset--spacing--80)">A legjobb mindkét világból</h1>



<p style="padding-top:0;padding-right:var(--wp--preset--spacing--50);padding-bottom:0;padding-left:var(--wp--preset--spacing--50)"><strong>Egyre többen vágynak olyan eszközökre, megoldásokra, amelyek a mindennapokban rendet és lelki békét teremtenek.  Az én válaszom a digitális naplózásra és a vintage esztétikára épül:  A digitális naplózás egy állandóan elérhető teret biztosít céljaink, gondolataink és feladataink rögzítésére. A vintage stílus pedig nem csupán esztétikus, de egyedülálló hangulatot is teremt, felidézve a múlt emlékeit és inspirációt nyújtva a jelenben. </strong></p>



<p style="padding-top:0;padding-right:var(--wp--preset--spacing--50);padding-bottom:0;padding-left:var(--wp--preset--spacing--50)">A digitális naplózás a hagyományos jegyzetelés modern megközelítése, ahol <strong>PDF formátumú napló / tervezőfájlok és digitális eszközök (ipad, tablet, stylus) segítségével rögzítheted gondolataidat</strong>, céltudatosan tervezheted a feladataidat és hatékonyabban szervezheted az életedet. <strong>Nem kell aggódnod a hibák miatt, könnyedén javíthatod őket. </strong>Ha arra van szükséged, tárolhatod naplódat felhőtárhelyen, így bármelyik eszközödről elérheted. Ráadásul nem kell újra és újra megvenned a füzeteket, tollakat, matricákat. Amit egyszer megvettél, akárhányszor felhasználhatod, <strong>külön költség, vagy környezeti terhelés nélkül</strong>. <br>Jól hangzik, ugye? </p>



<figure class="wp-block-image aligncenter size-full has-custom-border"><img decoding="async" width="1000" height="667" data-src="https://blackazalea.hu/wp-content/uploads/2023/06/tablet-602968SM.jpg" alt="" class="has-border-color has-palette-color-1-border-color wp-image-894 lazyload" style="--smush-placeholder-width: 1000px; --smush-placeholder-aspect-ratio: 1000/667;border-width:3px" data-srcset="https://blackazalea.hu/wp-content/uploads/2023/06/tablet-602968SM.jpg 1000w, https://blackazalea.hu/wp-content/uploads/2023/06/tablet-602968SM-600x400.jpg 600w, https://blackazalea.hu/wp-content/uploads/2023/06/tablet-602968SM-300x200.jpg 300w, https://blackazalea.hu/wp-content/uploads/2023/06/tablet-602968SM-768x512.jpg 768w" data-sizes="auto, (max-width: 1000px) 100vw, 1000px" src="data:image/svg+xml;base64,PHN2ZyB3aWR0aD0iMSIgaGVpZ2h0PSIxIiB4bWxucz0iaHR0cDovL3d3dy53My5vcmcvMjAwMC9zdmciPjwvc3ZnPg==" /></figure>



<h1 class="wp-block-heading has-text-align-center">Digitális naplócsomag, Neked!</h1>



<p style="padding-right:var(--wp--preset--spacing--50);padding-left:var(--wp--preset--spacing--50)">Hogy segíthessek Neked az első lépésekben, <strong>összeállítottam egy ingyenes digitális naplócsomagot</strong>, amely tartalmaz egy gyönyörű, régies hangulatú füzetet, néhány jegyzetpapírt, és számos díszítőelemet. Ezzel a csomaggal felkészülten indulhatsz a digitális naplózás világába, és megtapasztalhatod, hogy milyen változást hozhat a mindennapjaidban.</p>



<p style="padding-right:var(--wp--preset--spacing--50);padding-left:var(--wp--preset--spacing--50)">A digitális naplózás és a vintage stílus együttesen lehetővé teszi, hogy a kreativitásodat szabadon kiélhesd. Használj színes ceruzákat, díszítsd naplód lapjait, és hozz létre egyedi oldalakat. Az önkifejezésed új szintjére emelheted, amely örömöt és elégedettséget hoz az életedbe.<br>Vezethetsz szigorú értelemben vett bullet journalt, vagy akár kollázs-szerű emléknaplót. Csak rajtad áll, mit alkotsz, mit szeretnél létrehozni!</p>



<p style="padding-right:var(--wp--preset--spacing--50);padding-left:var(--wp--preset--spacing--50)">Ha szeretnéd letölteni az ingyenes digitális naplócsomagunkat, csak<strong> iratkozz fel hírlevelemre</strong>, és máris elküldöm Neked. A hírlevelekben pedig időről időre hasznos, inspiráló ötleteket, információkat igyekszem majd megosztani Veled.</p>



<div class="wp-block-stackable-columns stk-block-columns stk-block stk-4a7831d" data-block-id="4a7831d"><div class="stk-row stk-inner-blocks stk-block-content stk-content-align stk-4a7831d-column">
<div class="wp-block-stackable-column stk-block-column stk-column stk-block stk-c349090" data-v="4" data-block-id="c349090"><style>.stk-c349090-container{max-width:400px !important;padding-top:32px !important;padding-right:0px !important;padding-bottom:0px !important;padding-left:0px !important;margin-right:auto !important;margin-left:auto !important}</style><div class="stk-column-wrapper stk-block-column__content stk-container stk-c349090-container stk--no-background stk--no-padding"><div class="has-text-align-center stk-block-content stk-inner-blocks stk-c349090-inner-blocks">
<div class="wp-block-buttons is-layout-flex wp-block-buttons-is-layout-flex">
<div class="wp-block-button has-custom-width wp-block-button__width-100 has-custom-font-size subscibetosenderbutton is-style-fill" style="font-size:clamp(14.642px, 0.915rem + ((1vw - 3.2px) * 0.575), 22px);"><a class="wp-block-button__link has-palette-color-7-color has-palette-color-1-background-color has-text-color has-background wp-element-button" style="border-style:none;border-width:0px;padding-top:var(--wp--preset--spacing--40);padding-right:0;padding-bottom:var(--wp--preset--spacing--40);padding-left:0">Kérem a naplócsomagot</a></div>
</div>
</div></div></div>
</div></div>



<p style="padding-top:0;padding-right:var(--wp--preset--spacing--50);padding-bottom:0;padding-left:var(--wp--preset--spacing--50)"><br>Hasznos információkra lelhetsz még a <a rel="noreferrer noopener" href="https://blackazalea.hu/en/category/digitalisnaplzas/" data-type="URL" data-id="https://blackazalea.hu/category/digitalisnaplzas/" target="_blank">blogom</a><a href="https://blackazalea.hu/en/category/digitalisnaplzas/" data-type="URL" data-id="https://blackazalea.hu/category/digitalisnaplzas/">on</a>, illetve érdemes lehet inspiráló képekért követned <a rel="noreferrer noopener" href="https://www.instagram.com/blackazalea.hu/" data-type="URL" data-id="https://www.instagram.com/blackazalea.hu/" target="_blank">Instagramon</a> is. <br>Biztos vagyok benne, hogy az új kreatív hobbid minden napodat jobbá teszi majd!</p>

<p>A legjobb mindkét világból Egyre többen vágynak olyan eszközökre, megoldásokra, amelyek a mindennapokban rendet és lelki békét teremtenek. Az én válaszom a digitális naplózásra és a vintage esztétikára épül: A digitális naplózás egy állandóan elérhető teret biztosít céljaink, gondolataink és feladataink rögzítésére. A vintage stílus pedig nem csupán esztétikus, de egyedülálló hangulatot is teremt, felidézve [&hellip;]</p>
